0. What is the remainder when l(z) is divided by 30?
29
Let a = -11 - 46. What is the remainder when (-1)/(-4)*-15*152/a is divided by 4?
2
Suppose -3*a + 2*z = -25, 19 = a + 5*z - 3*z. Let f = 172 - 96. Calculate the remainder when f is divided by a.
10
Suppose 3*h - 36 = -135. Let d = -22 - h. Calculate the remainder when d is divided by 3.
2
Let b(a) = -5*a**2 + 9*a**2 + 0*a - 3*a**2 - 1 - a + 2*a**3. What is the remainder when b(3) is divided by 15?
14
Let w(l) = -5*l**2 + 12*l - 4. Let r be w(5). Let y = -62 - r. What is the remainder when (-13)/(((-3)/(-2))/(-3)) is divided by y?
5
Let p(j) = 6 + 0*j**3 + j**3 + 4*j - 6 - 2*j**2. What is the remainder when 287*((-9)/(-7) + -1) is divided by p(3)?
19
Let m(w) = 39*w**3 + w**2. Let c be m(1). What is the remainder when 30/c - (-930)/8 is divided by 15?
12
Suppose 570 = 6*l - 2*q, 5*l + 3*q + 7 = 496. Calculate the remainder when 479 is divided by l.
95
Let z(d) = -9*d**2 - 3*d + 6. Let g(k) = k - 1. Let a(h) = -2*g(h) - z(h). Calculate the remainder when a(-2) is divided by 11.
8
Suppose 6*j - 112 = -j. Suppose -j = -2*i - 0*i. What is the remainder when 31 is divided by i?
7
Suppose -27 = -16*l + 69. Calculate the remainder when 63 is divided by l.
3
Suppose 4*p - 1 = 7. Calculate the remainder when (p - 1)*-1 + 24 is divided by 1/1 - (1 - 12).
11
Suppose 3*a + 4*d = 65, -6*a + 4*a + 46 = 4*d. Calculate the remainder when 94 is divided by a.
18
Let r(b) = -b**3 + 2*b**2 + 3*b + 2. Let u be r(3). Suppose 3*m + u - 26 = 0. What is the remainder when 22 is divided by m?
6
Let x = 54 - 52. What is the remainder when (2016/40)/9 - x/(-5) is divided by 4?
2
Suppose 4*k + 0*p = -3*p + 103, -k + 5*p = -20. What is the remainder when 102 is divided by 8/4*1 + k?
21
Let z(k) be the first derivative of -k**3/3 + 10*k**2 - 16*k + 3. Calculate the remainder when 69 is divided by z(17).
34
Let w = 251 - -83. What is the remainder when w is divided by 56?
54
Let r(k) = -k**3 + 8*k**2 + 2*k - 9. Suppose g + 17 - 44 = 5*o, 2*o = -5*g. Let q = g + 4. What is the remainder when r(q) is divided by 26?
23
Suppose 11*t + 1798 = 51*t - 202. What is the remainder when t is divided by (3 + -1)*102/12?
16
Let v = -611 - -692. Calculate the remainder when v is divided by 21.
18
Suppose 2*d - 3*s - 137 = 0, -2*d + 5*s - 4*s + 143 = 0. Calculate the remainder when d is divided by 44.
29
Suppose 32 = 2*o + 2*o. Suppose -109 = -6*h + i, -3*i - 76 + 1 = -4*h. Calculate the remainder when h is divided by o.
2
Suppose 20*n - 735 = 1265. Calculate the remainder when 596 is divided by n.
96
Suppose 0 = h + 12 - 16. Let d be h*(-3)/4*-1. Suppose 4*l + d*g = 313, 4*g = -g - 5. Calculate the remainder when l is divided by 20.
19
Let t(b) = -10*b - 9. Let v(c) = c**2 - 9*c + 12. Let n(u) = u. Let g(w) = 3*n(w) + v(w). Calculate the remainder when t(-9) is divided by g(8).
25
Let v = 71 + -66. Let s = 13 - 8. Suppose -15 = -v*t - s*x, -t + 3*x + 1 = -10. What is the remainder when 7 is divided by t?
2
Let y = 11 + -8. Suppose y*v - 34 + 1 = 0. Let n = v + -4. Calculate the remainder when n is divided by 2.
1
Suppose 104 = 4*a + 4*z, 2 = 5*z + 22. Calculate the remainder when 118 is divided by a.
28
Let l(i) = 13*i**3 + 43*i**2 + 2*i - 5. Let h be l(-3). Let f be 8/3*(-3)/2. What is the remainder when f*6/((-30)/h) is divided by 12?
8
Suppose -5*u = -1 - 14. Let h(x) = -x**2 + 4*x + 7. Let c be h(5). Suppose c*i = -u*i + 145. What is the remainder when i is divided by 16?
13
Let x(t) = -t**3 + 5*t**2 - 2*t - 5. Suppose -10*c = -40 - 0. What is the remainder when c is divided by x(4)?
1
What is the remainder when 217 is divided by 12 - 11 - (-1 - 12)?
7
Let m = 26 - 17. Let f(p) = p**2 - 7*p - 2. Let z be f(m). Suppose -3*a = z - 58. What is the remainder when 53 is divided by a?
11
Let m(h) = -3*h**3 - 96*h**2 - h - 24. Calculate the remainder when 14 is divided by m(-32).
6
What is the remainder when ((-765)/(-27))/(45/81) is divided by 24?
3
Let u = 134 - 59. Suppose -t - 2 = 5*d - 8, 0 = -4*t - 3*d + u. Suppose 7 = 2*n + 3*p + 1, -10 = 5*p. Calculate the remainder when t is divided by n.
3
Let t(k) = -6*k**2 + 7*k**2 + 10 + 7*k + 0*k**2. Let i be t(-5). Suppose i = 3*x - 13 - 26. Calculate the remainder when 24 is divided by x.
11
Let u(k) = -18*k - 42. What is the remainder when u(-4) is divided by ((-4)/6)/(2/(-33))?
8
Let i be 3/(-1) + 0/(-4). Let q be 2 - i/((-12)/8). Suppose q = 8*k - 2*k - 54. What is the remainder when 23 is divided by k?
5
Let r(p) = p + 8. Let g be r(-6). What is the remainder when 98/14*(7 + g) is divided by 22?
19
Suppose -4*h + 1074 + 585 = 5*v, -399 = -h + 4*v. What is the remainder when h is divided by 103?
102
Let g = 21 + -17. Suppose 3*y - 22 + 8 = -g*c, -y - 6 = -4*c. Suppose -5*d = q - 11 - 24, 2*q = -c*d + 6. Calculate the remainder when 31 is divided by d.
7
Suppose -5 + 17 = 4*p. Suppose 7*q = -p + 17. Suppose -2*o - 5*r = q*o - 60, 5*r + 20 = 0. What is the remainder when 57 is divided by o?
17
Let v = -97 - -162. Let a(i) = -4*i + 3. Let p be a(-6). Suppose -2*k + p = -7. Calculate the remainder when v is divided by k.
14
Let w(d) = 22*d**2 + 29*d - 38. What is the remainder when w(-9) is divided by 55?
53
Let g(k) = -k**3 + 27*k**2 + 29*k - 35. Let v be g(28). What is the remainder when 35 is divided by 17 + (v - -10)/(3/2)?
16
Suppose 4*l = -3*a + 45, 0*a + a - 23 = -4*l. Suppose 22 = d - 3*v, 2*d + 0*d = -5*v + a. What is the remainder when d is divided by 4?
1
Calculate the remainder when -6*(-8)/(-36) + 1004/6 is divided by 85.
81
Calculate the remainder when 125 is divided by (3 - -9)/(-3) - -19 - -3.
17
Let p be (0 + 0)/(-4) - -2. Let y = 6 - p. Calculate the remainder when 34 is divided by (8 - 2)*6/y.
7
Let u(o) = -4*o**2 - o**2 + 128 - 2*o - 156 + 6*o**2. Calculate the remainder when u(-7) is divided by 13.
9
Suppose -1 - 27 = -4*a. What is the remainder when 798/98 + 6/(-42) is divided by a?
1
Let u(x) = -68*x**3 + x - 2. Let z be u(1). Let k = -57 - z. What is the remainder when 22 is divided by k?
10
Suppose 17*v = 10*v + 168. Suppose -a = 7 - v. Calculate the remainder when 84 is divided by a.
16
Suppose 6*l - 9 = 99. Let h be 0/2 + (-66)/(-3). Let n = h + -12. Calculate the remainder when l is divided by n.
8
Suppose 0*z = -2*z - 8. Let n(r) = 16*r**2 - 4*r + 7. Let t be n(z). Calculate the remainder when (9/27)/(1/t) is divided by 24.
21
Suppose 0 = 2*t - 7 + 3. Suppose 3*u = 9, t*u = z - 2 + 9. Calculate the remainder when 16 is divided by (-9)/(36/(-32)) - z.
7
Let p(i) = -17*i - 10. Let k be p(-7). Let g = k - 63. What is the remainder when g is divided by 12?
10
What is the remainder when 6/21 + 150/14 is divided by 4?
3
Let k(y) = -y**3 + 10*y**2 + 6*y + 17. What is the remainder when k(9) is divided by 9?
8
Let w(x) = 4*x**3 + x**2. Suppose 4*b + 2 = 30. Suppose -5 = -2*c - 2*k + 5*k, -3*c + b = -4*k. Calculate the remainder when 13 is divided by w(c).
3
Suppose -4*a + 89 = 5. Suppose 20*z + 401 - 2901 = 0. What is the remainder when z is divided by a?
20
Let f(z) = -z**3 - 8*z**2 - 20*z - 2. Calculate the remainder when f(-7) is divided by 33.
23
Let h = 2121 + -2105. Calculate the remainder when h is divided by (2 - -8)/1 + 0.
6
Suppose -5*y + 78 = -y + 5*d, 5*d + 32 = y. Let t(b) = 2*b**2 + 11*b - 22. What is the remainder when t(5) is divided by y?
17
Suppose -3*w - 5*y - 11 = -y, 4*w - 3*y = 27. Let v(p) = -7*p - 7*p**w + 6*p**3 + 15 + 8*p**2 - 3*p. What is the remainder when v(6) is divided by 6?
3
Let v = -4 - -19. Let m(n) = 87*n**3 - 1. Let h be m(1). What is the remainder when h*3*(-2)/(-12) is divided by v?
13
Let n be (-1291)/6 - (-1)/6. Let l = n + 392. Suppose -2*i - 2 = -0*i, 2*i + l = 5*a. What is the remainder when a is divided by 18?
17
Suppose 0 = -b + 4, -5*s + 2337 - 155 = -2*b. Calculate the remainder when s is divided by 63.
60
Let p = -1133 + 1170. What is the remainder when 166 is divided by p?
18
Suppose 0 = 5*o + 38 + 42. Let b = 18 + o. Calculate the remainder when 9 is divided by b.
1
Let f = -848 + 1104. What is the remainder when 776 is divided by f?
8
Suppose -2*t + 35 = -3*n - 17, -4*n = 2*t - 24. What is the remainder when (1/2)/(t/6200) is divided by 39?
38
Let z = -16 - -16. Suppose z = 5*x - 106 - 199. What is the remainder